{"id":331,"date":"2020-11-05T21:09:32","date_gmt":"2020-11-05T20:09:32","guid":{"rendered":"http:\/\/joanna-duplaga.pl\/?page_id=331"},"modified":"2024-09-12T02:11:27","modified_gmt":"2024-09-12T00:11:27","slug":"kontakt","status":"publish","type":"page","link":"https:\/\/joanna-duplaga.pl\/?page_id=331","title":{"rendered":"Kontakt"},"content":{"rendered":"\n<p class=\"has-text-align-center has-large-font-size\">Masz pytania? Napisz do mnie!<\/p>\n\n\n<div class=\"wpforms-container wpforms-container-full wpforms-block wpforms-block-967bc22b-49a2-4a17-bd83-347df84f33f4\" id=\"wpforms-482\"><form id=\"wpforms-form-482\" class=\"wpforms-validate wpforms-form\" data-formid=\"482\" method=\"post\" enctype=\"multipart\/form-data\" action=\"\/index.php?rest_route=%2Fwp%2Fv2%2Fpages%2F331\" data-token=\"c16a834885080e3d48b0926e5d7fc39a\" data-token-time=\"1777043256\"><noscript class=\"wpforms-error-noscript\">Aby wype\u0142ni\u0107 ten formularz, w\u0142\u0105cz obs\u0142ug\u0119 JavaScript w przegl\u0105darce.<\/noscript><div class=\"wpforms-field-container\"><div id=\"wpforms-482-field_0-container\" class=\"wpforms-field wpforms-field-name\" data-field-id=\"0\"><label class=\"wpforms-field-label\" for=\"wpforms-482-field_0\">Imi\u0119 i nazwisko lub nazwa firmy <span class=\"wpforms-required-label\">*<\/span><\/label><input type=\"text\" id=\"wpforms-482-field_0\" class=\"wpforms-field-medium wpforms-field-required\" name=\"wpforms[fields][0]\" required><\/div><div id=\"wpforms-482-field_1-container\" class=\"wpforms-field wpforms-field-email\" data-field-id=\"1\"><label class=\"wpforms-field-label\" for=\"wpforms-482-field_1\">Email <span class=\"wpforms-required-label\">*<\/span><\/label><input type=\"email\" id=\"wpforms-482-field_1\" class=\"wpforms-field-medium wpforms-field-required\" name=\"wpforms[fields][1]\" spellcheck=\"false\" required><\/div><div id=\"wpforms-482-field_2-container\" class=\"wpforms-field wpforms-field-textarea\" data-field-id=\"2\"><label class=\"wpforms-field-label\" for=\"wpforms-482-field_2\">Wiadomo\u015b\u0107 <span class=\"wpforms-required-label\">*<\/span><\/label><textarea id=\"wpforms-482-field_2\" class=\"wpforms-field-medium wpforms-field-required\" name=\"wpforms[fields][2]\" required><\/textarea><\/div><\/div><!-- .wpforms-field-container --><div class=\"wpforms-submit-container\" ><input type=\"hidden\" name=\"wpforms[id]\" value=\"482\"><input type=\"hidden\" name=\"page_title\" value=\"\"><input type=\"hidden\" name=\"page_url\" value=\"https:\/\/joanna-duplaga.pl\/index.php?rest_route=\/wp\/v2\/pages\/331\"><input type=\"hidden\" name=\"url_referer\" value=\"\"><button type=\"submit\" name=\"wpforms[submit]\" id=\"wpforms-submit-482\" class=\"wpforms-submit\" data-alt-text=\"Wysy\u0142anie...\" data-submit-text=\"Wy\u015blij zapytanie\" aria-live=\"assertive\" value=\"wpforms-submit\">Wy\u015blij zapytanie<\/button><\/div><input type=\"hidden\" id=\"ct_checkjs_wpforms_35cf8659cfcb13224cbd47863a34fc58\" name=\"ct_checkjs_wpforms\" value=\"0\" \/><script>setTimeout(function(){var ct_input_name = \"ct_checkjs_wpforms_35cf8659cfcb13224cbd47863a34fc58\";if (document.getElementById(ct_input_name) !== null) {var ct_input_value = document.getElementById(ct_input_name).value;document.getElementById(ct_input_name).value = document.getElementById(ct_input_name).value.replace(ct_input_value, '1935367348');}}, 1000);<\/script><input\n                    class=\"apbct_special_field apbct_email_id__wp_wpforms\"\n                    name=\"apbct__email_id__wp_wpforms\"\n                    aria-label=\"apbct__label_id__wp_wpforms\"\n                    type=\"text\" size=\"30\" maxlength=\"200\" autocomplete=\"off\"\n                    value=\"\"\n                \/><\/form><\/div>  <!-- .wpforms-container -->","protected":false},"excerpt":{"rendered":"<p>Masz pytania? Napisz do mnie!<\/p>\n","protected":false},"author":1,"featured_media":0,"parent":0,"menu_order":0,"comment_status":"closed","ping_status":"closed","template":"","meta":{"_kad_post_transparent":"","_kad_post_title":"","_kad_post_layout":"","_kad_post_sidebar_id":"","_kad_post_content_style":"","_kad_post_vertical_padding":"","_kad_post_feature":"","_kad_post_feature_position":"","_kad_post_header":false,"_kad_post_footer":false,"_vp_format_video_url":"","_vp_image_focal_point":[],"footnotes":""},"class_list":["post-331","page","type-page","status-publish","hentry"],"yoast_head":"<!-- This site is optimized with the Yoast SEO plugin v25.5 - https:\/\/yoast.com\/wordpress\/plugins\/seo\/ -->\n<title>Kontakt - Joanna Duplaga<\/title>\n<meta name=\"robots\" content=\"index, follow, max-snippet:-1, max-image-preview:large, max-video-preview:-1\" \/>\n<link rel=\"canonical\" href=\"https:\/\/joanna-duplaga.pl\/?page_id=331\" \/>\n<meta property=\"og:locale\" content=\"pl_PL\" \/>\n<meta property=\"og:type\" content=\"article\" \/>\n<meta property=\"og:title\" content=\"Kontakt - Joanna Duplaga\" \/>\n<meta property=\"og:description\" content=\"Masz pytania? Napisz do mnie!\" \/>\n<meta property=\"og:url\" content=\"https:\/\/joanna-duplaga.pl\/?page_id=331\" \/>\n<meta property=\"og:site_name\" content=\"Joanna Duplaga\" \/>\n<meta property=\"article:modified_time\" content=\"2024-09-12T00:11:27+00:00\" \/>\n<meta name=\"twitter:card\" content=\"summary_large_image\" \/>\n<script type=\"application\/ld+json\" class=\"yoast-schema-graph\">{\"@context\":\"https:\/\/schema.org\",\"@graph\":[{\"@type\":\"WebPage\",\"@id\":\"https:\/\/joanna-duplaga.pl\/?page_id=331\",\"url\":\"https:\/\/joanna-duplaga.pl\/?page_id=331\",\"name\":\"Kontakt - Joanna Duplaga\",\"isPartOf\":{\"@id\":\"https:\/\/joanna-duplaga.pl\/#website\"},\"datePublished\":\"2020-11-05T20:09:32+00:00\",\"dateModified\":\"2024-09-12T00:11:27+00:00\",\"breadcrumb\":{\"@id\":\"https:\/\/joanna-duplaga.pl\/?page_id=331#breadcrumb\"},\"inLanguage\":\"pl-PL\",\"potentialAction\":[{\"@type\":\"ReadAction\",\"target\":[\"https:\/\/joanna-duplaga.pl\/?page_id=331\"]}]},{\"@type\":\"BreadcrumbList\",\"@id\":\"https:\/\/joanna-duplaga.pl\/?page_id=331#breadcrumb\",\"itemListElement\":[{\"@type\":\"ListItem\",\"position\":1,\"name\":\"Strona g\u0142\u00f3wna\",\"item\":\"https:\/\/joanna-duplaga.pl\/\"},{\"@type\":\"ListItem\",\"position\":2,\"name\":\"Kontakt\"}]},{\"@type\":\"WebSite\",\"@id\":\"https:\/\/joanna-duplaga.pl\/#website\",\"url\":\"https:\/\/joanna-duplaga.pl\/\",\"name\":\"Joanna Duplaga copywriting\",\"description\":\"copywriting, content writing, social media\",\"publisher\":{\"@id\":\"https:\/\/joanna-duplaga.pl\/#\/schema\/person\/c336df5d0b89fc7e296ed2a9a3916e29\"},\"potentialAction\":[{\"@type\":\"SearchAction\",\"target\":{\"@type\":\"EntryPoint\",\"urlTemplate\":\"https:\/\/joanna-duplaga.pl\/?s={search_term_string}\"},\"query-input\":{\"@type\":\"PropertyValueSpecification\",\"valueRequired\":true,\"valueName\":\"search_term_string\"}}],\"inLanguage\":\"pl-PL\"},{\"@type\":[\"Person\",\"Organization\"],\"@id\":\"https:\/\/joanna-duplaga.pl\/#\/schema\/person\/c336df5d0b89fc7e296ed2a9a3916e29\",\"name\":\"joannaduplaga.seo\",\"image\":{\"@type\":\"ImageObject\",\"inLanguage\":\"pl-PL\",\"@id\":\"https:\/\/joanna-duplaga.pl\/#\/schema\/person\/image\/\",\"url\":\"https:\/\/joanna-duplaga.pl\/wp-content\/uploads\/2024\/05\/cropped-cropped-J-5.png\",\"contentUrl\":\"https:\/\/joanna-duplaga.pl\/wp-content\/uploads\/2024\/05\/cropped-cropped-J-5.png\",\"width\":511,\"height\":497,\"caption\":\"joannaduplaga.seo\"},\"logo\":{\"@id\":\"https:\/\/joanna-duplaga.pl\/#\/schema\/person\/image\/\"},\"sameAs\":[\"http:\/\/joanna-duplaga.pl\"]}]}<\/script>\n<!-- \/ Yoast SEO plugin. -->","yoast_head_json":{"title":"Kontakt - Joanna Duplaga","robots":{"index":"index","follow":"follow","max-snippet":"max-snippet:-1","max-image-preview":"max-image-preview:large","max-video-preview":"max-video-preview:-1"},"canonical":"https:\/\/joanna-duplaga.pl\/?page_id=331","og_locale":"pl_PL","og_type":"article","og_title":"Kontakt - Joanna Duplaga","og_description":"Masz pytania? Napisz do mnie!","og_url":"https:\/\/joanna-duplaga.pl\/?page_id=331","og_site_name":"Joanna Duplaga","article_modified_time":"2024-09-12T00:11:27+00:00","twitter_card":"summary_large_image","schema":{"@context":"https:\/\/schema.org","@graph":[{"@type":"WebPage","@id":"https:\/\/joanna-duplaga.pl\/?page_id=331","url":"https:\/\/joanna-duplaga.pl\/?page_id=331","name":"Kontakt - Joanna Duplaga","isPartOf":{"@id":"https:\/\/joanna-duplaga.pl\/#website"},"datePublished":"2020-11-05T20:09:32+00:00","dateModified":"2024-09-12T00:11:27+00:00","breadcrumb":{"@id":"https:\/\/joanna-duplaga.pl\/?page_id=331#breadcrumb"},"inLanguage":"pl-PL","potentialAction":[{"@type":"ReadAction","target":["https:\/\/joanna-duplaga.pl\/?page_id=331"]}]},{"@type":"BreadcrumbList","@id":"https:\/\/joanna-duplaga.pl\/?page_id=331#breadcrumb","itemListElement":[{"@type":"ListItem","position":1,"name":"Strona g\u0142\u00f3wna","item":"https:\/\/joanna-duplaga.pl\/"},{"@type":"ListItem","position":2,"name":"Kontakt"}]},{"@type":"WebSite","@id":"https:\/\/joanna-duplaga.pl\/#website","url":"https:\/\/joanna-duplaga.pl\/","name":"Joanna Duplaga copywriting","description":"copywriting, content writing, social media","publisher":{"@id":"https:\/\/joanna-duplaga.pl\/#\/schema\/person\/c336df5d0b89fc7e296ed2a9a3916e29"},"potentialAction":[{"@type":"SearchAction","target":{"@type":"EntryPoint","urlTemplate":"https:\/\/joanna-duplaga.pl\/?s={search_term_string}"},"query-input":{"@type":"PropertyValueSpecification","valueRequired":true,"valueName":"search_term_string"}}],"inLanguage":"pl-PL"},{"@type":["Person","Organization"],"@id":"https:\/\/joanna-duplaga.pl\/#\/schema\/person\/c336df5d0b89fc7e296ed2a9a3916e29","name":"joannaduplaga.seo","image":{"@type":"ImageObject","inLanguage":"pl-PL","@id":"https:\/\/joanna-duplaga.pl\/#\/schema\/person\/image\/","url":"https:\/\/joanna-duplaga.pl\/wp-content\/uploads\/2024\/05\/cropped-cropped-J-5.png","contentUrl":"https:\/\/joanna-duplaga.pl\/wp-content\/uploads\/2024\/05\/cropped-cropped-J-5.png","width":511,"height":497,"caption":"joannaduplaga.seo"},"logo":{"@id":"https:\/\/joanna-duplaga.pl\/#\/schema\/person\/image\/"},"sameAs":["http:\/\/joanna-duplaga.pl"]}]}},"_links":{"self":[{"href":"https:\/\/joanna-duplaga.pl\/index.php?rest_route=\/wp\/v2\/pages\/331","targetHints":{"allow":["GET"]}}],"collection":[{"href":"https:\/\/joanna-duplaga.pl\/index.php?rest_route=\/wp\/v2\/pages"}],"about":[{"href":"https:\/\/joanna-duplaga.pl\/index.php?rest_route=\/wp\/v2\/types\/page"}],"author":[{"embeddable":true,"href":"https:\/\/joanna-duplaga.pl\/index.php?rest_route=\/wp\/v2\/users\/1"}],"replies":[{"embeddable":true,"href":"https:\/\/joanna-duplaga.pl\/index.php?rest_route=%2Fwp%2Fv2%2Fcomments&post=331"}],"version-history":[{"count":7,"href":"https:\/\/joanna-duplaga.pl\/index.php?rest_route=\/wp\/v2\/pages\/331\/revisions"}],"predecessor-version":[{"id":1155,"href":"https:\/\/joanna-duplaga.pl\/index.php?rest_route=\/wp\/v2\/pages\/331\/revisions\/1155"}],"wp:attachment":[{"href":"https:\/\/joanna-duplaga.pl\/index.php?rest_route=%2Fwp%2Fv2%2Fmedia&parent=331"}],"curies":[{"name":"wp","href":"https:\/\/api.w.org\/{rel}","templated":true}]}}