{"id":1143,"date":"2024-09-11T23:40:32","date_gmt":"2024-09-11T21:40:32","guid":{"rendered":"https:\/\/joanna-duplaga.pl\/?page_id=1143"},"modified":"2024-09-12T02:05:24","modified_gmt":"2024-09-12T00:05:24","slug":"brief","status":"publish","type":"page","link":"https:\/\/joanna-duplaga.pl\/?page_id=1143","title":{"rendered":"BRIEF"},"content":{"rendered":"\n<p class=\"has-text-align-center\">Dzi\u0119kuj\u0119 za zainteresowanie moimi us\u0142ugami copywriterskimi! Aby lepiej zrozumie\u0107 Twoje potrzeby i stworzy\u0107 teksty idealnie dopasowane do Twoich oczekiwa\u0144, prosz\u0119 o uzupe\u0142nienie poni\u017cszego briefu. Odezw\u0119 si\u0119 tak szybko, jak to mo\u017cliwe!<\/p>\n\n\n<div class=\"wpforms-container wpforms-container-full wpforms-block wpforms-block-d736d8f2-4173-4d7e-83cc-753c29ba1f80\" id=\"wpforms-1138\"><form id=\"wpforms-form-1138\" class=\"wpforms-validate wpforms-form wpforms-ajax-form\" data-formid=\"1138\" method=\"post\" enctype=\"multipart\/form-data\" action=\"\/index.php?rest_route=%2Fwp%2Fv2%2Fpages%2F1143\" data-token=\"79a79f4721122138af026772760c76b2\" data-token-time=\"1777559347\"><noscript class=\"wpforms-error-noscript\">Aby wype\u0142ni\u0107 ten formularz, w\u0142\u0105cz obs\u0142ug\u0119 JavaScript w przegl\u0105darce.<\/noscript><div class=\"wpforms-field-container\"><div id=\"wpforms-1138-field_7-container\" class=\"wpforms-field wpforms-field-text\" data-field-id=\"7\"><label class=\"wpforms-field-label\" for=\"wpforms-1138-field_7\">Nazwa firmy: <span class=\"wpforms-required-label\">*<\/span><\/label><input type=\"text\" id=\"wpforms-1138-field_7\" class=\"wpforms-field-medium wpforms-field-required\" name=\"wpforms[fields][7]\" required><\/div><div id=\"wpforms-1138-field_24-container\" class=\"wpforms-field wpforms-field-email\" data-field-id=\"24\"><label class=\"wpforms-field-label\" for=\"wpforms-1138-field_24\">Adres e-mail <span class=\"wpforms-required-label\">*<\/span><\/label><input type=\"email\" id=\"wpforms-1138-field_24\" class=\"wpforms-field-medium wpforms-field-required\" name=\"wpforms[fields][24]\" spellcheck=\"false\" required><\/div><div id=\"wpforms-1138-field_3-container\" class=\"wpforms-field wpforms-field-text\" data-field-id=\"3\"><label class=\"wpforms-field-label\" for=\"wpforms-1138-field_3\">Bran\u017ca:<\/label><input type=\"text\" id=\"wpforms-1138-field_3\" class=\"wpforms-field-medium\" name=\"wpforms[fields][3]\" ><\/div><div id=\"wpforms-1138-field_4-container\" class=\"wpforms-field wpforms-field-text\" data-field-id=\"4\"><label class=\"wpforms-field-label\" for=\"wpforms-1138-field_4\">Strona internetowa:<\/label><input type=\"text\" id=\"wpforms-1138-field_4\" class=\"wpforms-field-medium\" name=\"wpforms[fields][4]\" ><\/div><div id=\"wpforms-1138-field_1-container\" class=\"wpforms-field wpforms-field-email\" data-field-id=\"1\"><label class=\"wpforms-field-label\" for=\"wpforms-1138-field_1\">Kr\u00f3tki opis firmy:<\/label><input type=\"email\" id=\"wpforms-1138-field_1\" class=\"wpforms-field-medium\" name=\"wpforms[fields][1]\" spellcheck=\"false\" ><\/div><div id=\"wpforms-1138-field_8-container\" class=\"wpforms-field wpforms-field-text\" data-field-id=\"8\"><label class=\"wpforms-field-label\" for=\"wpforms-1138-field_8\">Docelowa grupa odbiorc\u00f3w:<\/label><input type=\"text\" id=\"wpforms-1138-field_8\" class=\"wpforms-field-medium\" name=\"wpforms[fields][8]\" ><\/div><div id=\"wpforms-1138-field_9-container\" class=\"wpforms-field wpforms-field-text\" data-field-id=\"9\"><label class=\"wpforms-field-label\" for=\"wpforms-1138-field_9\">Jakie s\u0105 g\u0142\u00f3wne cele tego projektu? (np. zwi\u0119kszenie sprzeda\u017cy, budowanie wizerunku, edukacja)<\/label><input type=\"text\" id=\"wpforms-1138-field_9\" class=\"wpforms-field-medium\" name=\"wpforms[fields][9]\" ><\/div><div id=\"wpforms-1138-field_11-container\" class=\"wpforms-field wpforms-field-text\" data-field-id=\"11\"><label class=\"wpforms-field-label\" for=\"wpforms-1138-field_11\">Jakie emocje lub reakcje chcesz wywo\u0142a\u0107 u odbiorc\u00f3w?<\/label><input type=\"text\" id=\"wpforms-1138-field_11\" class=\"wpforms-field-medium\" name=\"wpforms[fields][11]\" ><\/div><div id=\"wpforms-1138-field_10-container\" class=\"wpforms-field wpforms-field-text\" data-field-id=\"10\"><label class=\"wpforms-field-label\" for=\"wpforms-1138-field_10\">Rodzaj tre\u015bci: (np. artyku\u0142 blogowy, opis produktu, tekst na stron\u0119 internetow\u0105, newsletter)<\/label><input type=\"text\" id=\"wpforms-1138-field_10\" class=\"wpforms-field-medium\" name=\"wpforms[fields][10]\" ><\/div><div id=\"wpforms-1138-field_12-container\" class=\"wpforms-field wpforms-field-text\" data-field-id=\"12\"><label class=\"wpforms-field-label\" for=\"wpforms-1138-field_12\">Liczba tre\u015bci i ich d\u0142ugo\u015b\u0107: (np. liczba s\u0142\u00f3w\/znak\u00f3w lub strony)<\/label><input type=\"text\" id=\"wpforms-1138-field_12\" class=\"wpforms-field-medium\" name=\"wpforms[fields][12]\" ><\/div><div id=\"wpforms-1138-field_13-container\" class=\"wpforms-field wpforms-field-text\" data-field-id=\"13\"><label class=\"wpforms-field-label\" for=\"wpforms-1138-field_13\">Styl i ton komunikacji: (np. formalny, lu\u017any, ekspercki, humorystyczny)<\/label><input type=\"text\" id=\"wpforms-1138-field_13\" class=\"wpforms-field-medium\" name=\"wpforms[fields][13]\" ><\/div><div id=\"wpforms-1138-field_14-container\" class=\"wpforms-field wpforms-field-text\" data-field-id=\"14\"><label class=\"wpforms-field-label\" for=\"wpforms-1138-field_14\">Kim s\u0105 odbiorcy tre\u015bci? (wiek, p\u0142e\u0107, zainteresowania, problemy, kt\u00f3re maj\u0105 rozwi\u0105za\u0107)<\/label><input type=\"text\" id=\"wpforms-1138-field_14\" class=\"wpforms-field-medium\" name=\"wpforms[fields][14]\" ><\/div><div id=\"wpforms-1138-field_15-container\" class=\"wpforms-field wpforms-field-text\" data-field-id=\"15\"><label class=\"wpforms-field-label\" for=\"wpforms-1138-field_15\">Jakie s\u0105 kluczowe warto\u015bci, kt\u00f3re chcesz im przekaza\u0107?<\/label><input type=\"text\" id=\"wpforms-1138-field_15\" class=\"wpforms-field-medium\" name=\"wpforms[fields][15]\" ><\/div><div id=\"wpforms-1138-field_16-container\" class=\"wpforms-field wpforms-field-text\" data-field-id=\"16\"><label class=\"wpforms-field-label\" for=\"wpforms-1138-field_16\">Czy masz przyk\u0142ady tre\u015bci, kt\u00f3re Ci si\u0119 podobaj\u0105? (linki lub za\u0142\u0105czniki)<\/label><input type=\"text\" id=\"wpforms-1138-field_16\" class=\"wpforms-field-medium\" name=\"wpforms[fields][16]\" ><\/div><div id=\"wpforms-1138-field_17-container\" class=\"wpforms-field wpforms-field-text\" data-field-id=\"17\"><label class=\"wpforms-field-label\" for=\"wpforms-1138-field_17\">Czy s\u0105 jakie\u015b wzory lub formaty, kt\u00f3re chcia\u0142by\u015b zastosowa\u0107?<\/label><input type=\"text\" id=\"wpforms-1138-field_17\" class=\"wpforms-field-medium\" name=\"wpforms[fields][17]\" ><\/div><div id=\"wpforms-1138-field_18-container\" class=\"wpforms-field wpforms-field-text\" data-field-id=\"18\"><label class=\"wpforms-field-label\" for=\"wpforms-1138-field_18\">Termin realizacji:<\/label><input type=\"text\" id=\"wpforms-1138-field_18\" class=\"wpforms-field-medium\" name=\"wpforms[fields][18]\" ><\/div><div id=\"wpforms-1138-field_19-container\" class=\"wpforms-field wpforms-field-text\" data-field-id=\"19\"><label class=\"wpforms-field-label\" for=\"wpforms-1138-field_19\">S\u0142owa kluczowe (je\u015bli dotyczy): (szczeg\u00f3lnie istotne dla SEO)<\/label><input type=\"text\" id=\"wpforms-1138-field_19\" class=\"wpforms-field-medium\" name=\"wpforms[fields][19]\" ><\/div><div id=\"wpforms-1138-field_20-container\" class=\"wpforms-field wpforms-field-text\" data-field-id=\"20\"><label class=\"wpforms-field-label\" for=\"wpforms-1138-field_20\">Format pliku: (np. Word, Google Docs, PDF)<\/label><input type=\"text\" id=\"wpforms-1138-field_20\" class=\"wpforms-field-medium\" name=\"wpforms[fields][20]\" ><\/div><div id=\"wpforms-1138-field_21-container\" class=\"wpforms-field wpforms-field-text\" data-field-id=\"21\"><label class=\"wpforms-field-label\" for=\"wpforms-1138-field_21\">Dodatkowe uwagi:<\/label><input type=\"text\" id=\"wpforms-1138-field_21\" class=\"wpforms-field-medium\" name=\"wpforms[fields][21]\" ><\/div><div id=\"wpforms-1138-field_22-container\" class=\"wpforms-field wpforms-field-text\" data-field-id=\"22\"><label class=\"wpforms-field-label\" for=\"wpforms-1138-field_22\">Jaki jest przewidziany bud\u017cet na ten projekt?<\/label><input type=\"text\" id=\"wpforms-1138-field_22\" class=\"wpforms-field-medium\" name=\"wpforms[fields][22]\" ><\/div><\/div><!-- .wpforms-field-container --><div class=\"wpforms-recaptcha-container wpforms-is-recaptcha wpforms-is-recaptcha-type-invisible\" ><div class=\"g-recaptcha\" data-sitekey=\"6Ld_JT8qAAAAAOxe4xBum-RPx3berTQgOsJDZa-U\" data-size=\"invisible\"><\/div><\/div><div class=\"wpforms-submit-container\" ><input type=\"hidden\" name=\"wpforms[id]\" value=\"1138\"><input type=\"hidden\" name=\"page_title\" value=\"\"><input type=\"hidden\" name=\"page_url\" value=\"https:\/\/joanna-duplaga.pl\/index.php?rest_route=\/wp\/v2\/pages\/1143\"><input type=\"hidden\" name=\"url_referer\" value=\"\"><button type=\"submit\" name=\"wpforms[submit]\" id=\"wpforms-submit-1138\" class=\"wpforms-submit\" data-alt-text=\"Wysy\u0142anie...\" data-submit-text=\"Prze\u015blij\" aria-live=\"assertive\" value=\"wpforms-submit\">Prze\u015blij<\/button><img decoding=\"async\" src=\"https:\/\/joanna-duplaga.pl\/wp-content\/plugins\/wpforms-lite\/assets\/images\/submit-spin.svg\" class=\"wpforms-submit-spinner\" style=\"display: none;\" width=\"26\" height=\"26\" alt=\"Wczytywanie\"><\/div><input type=\"hidden\" id=\"ct_checkjs_wpforms_11b9842e0a271ff252c1903e7132cd68\" name=\"ct_checkjs_wpforms\" value=\"0\" \/><script>setTimeout(function(){var ct_input_name = \"ct_checkjs_wpforms_11b9842e0a271ff252c1903e7132cd68\";if (document.getElementById(ct_input_name) !== null) {var ct_input_value = document.getElementById(ct_input_name).value;document.getElementById(ct_input_name).value = document.getElementById(ct_input_name).value.replace(ct_input_value, '1905330750');}}, 1000);<\/script><input\n                    class=\"apbct_special_field apbct_email_id__wp_wpforms\"\n                    name=\"apbct__email_id__wp_wpforms\"\n                    aria-label=\"apbct__label_id__wp_wpforms\"\n                    type=\"text\" size=\"30\" maxlength=\"200\" autocomplete=\"off\"\n                    value=\"\"\n                \/><\/form><\/div>  <!-- .wpforms-container -->","protected":false},"excerpt":{"rendered":"<p>Dzi\u0119kuj\u0119 za zainteresowanie moimi us\u0142ugami copywriterskimi! Aby lepiej zrozumie\u0107 Twoje potrzeby i stworzy\u0107 teksty idealnie dopasowane do Twoich oczekiwa\u0144, prosz\u0119 o uzupe\u0142nienie poni\u017cszego briefu. Odezw\u0119 si\u0119 tak szybko, jak to mo\u017cliwe!<\/p>\n","protected":false},"author":1,"featured_media":0,"parent":0,"menu_order":0,"comment_status":"closed","ping_status":"closed","template":"","meta":{"_kad_post_transparent":"","_kad_post_title":"","_kad_post_layout":"","_kad_post_sidebar_id":"","_kad_post_content_style":"","_kad_post_vertical_padding":"","_kad_post_feature":"","_kad_post_feature_position":"","_kad_post_header":false,"_kad_post_footer":false,"_vp_format_video_url":"","_vp_image_focal_point":[],"footnotes":""},"class_list":["post-1143","page","type-page","status-publish","hentry"],"yoast_head":"<!-- This site is optimized with the Yoast SEO plugin v25.5 - https:\/\/yoast.com\/wordpress\/plugins\/seo\/ -->\n<title>BRIEF - Joanna Duplaga<\/title>\n<meta name=\"robots\" content=\"index, follow, max-snippet:-1, max-image-preview:large, max-video-preview:-1\" \/>\n<link rel=\"canonical\" href=\"https:\/\/joanna-duplaga.pl\/?page_id=1143\" \/>\n<meta property=\"og:locale\" content=\"pl_PL\" \/>\n<meta property=\"og:type\" content=\"article\" \/>\n<meta property=\"og:title\" content=\"BRIEF - Joanna Duplaga\" \/>\n<meta property=\"og:description\" content=\"Dzi\u0119kuj\u0119 za zainteresowanie moimi us\u0142ugami copywriterskimi! Aby lepiej zrozumie\u0107 Twoje potrzeby i stworzy\u0107 teksty idealnie dopasowane do Twoich oczekiwa\u0144, prosz\u0119 o uzupe\u0142nienie poni\u017cszego briefu. Odezw\u0119 si\u0119 tak szybko, jak to mo\u017cliwe!\" \/>\n<meta property=\"og:url\" content=\"https:\/\/joanna-duplaga.pl\/?page_id=1143\" \/>\n<meta property=\"og:site_name\" content=\"Joanna Duplaga\" \/>\n<meta property=\"article:modified_time\" content=\"2024-09-12T00:05:24+00:00\" \/>\n<meta name=\"twitter:card\" content=\"summary_large_image\" \/>\n<script type=\"application\/ld+json\" class=\"yoast-schema-graph\">{\"@context\":\"https:\/\/schema.org\",\"@graph\":[{\"@type\":\"WebPage\",\"@id\":\"https:\/\/joanna-duplaga.pl\/?page_id=1143\",\"url\":\"https:\/\/joanna-duplaga.pl\/?page_id=1143\",\"name\":\"BRIEF - Joanna Duplaga\",\"isPartOf\":{\"@id\":\"https:\/\/joanna-duplaga.pl\/#website\"},\"datePublished\":\"2024-09-11T21:40:32+00:00\",\"dateModified\":\"2024-09-12T00:05:24+00:00\",\"breadcrumb\":{\"@id\":\"https:\/\/joanna-duplaga.pl\/?page_id=1143#breadcrumb\"},\"inLanguage\":\"pl-PL\",\"potentialAction\":[{\"@type\":\"ReadAction\",\"target\":[\"https:\/\/joanna-duplaga.pl\/?page_id=1143\"]}]},{\"@type\":\"BreadcrumbList\",\"@id\":\"https:\/\/joanna-duplaga.pl\/?page_id=1143#breadcrumb\",\"itemListElement\":[{\"@type\":\"ListItem\",\"position\":1,\"name\":\"Strona g\u0142\u00f3wna\",\"item\":\"https:\/\/joanna-duplaga.pl\/\"},{\"@type\":\"ListItem\",\"position\":2,\"name\":\"BRIEF\"}]},{\"@type\":\"WebSite\",\"@id\":\"https:\/\/joanna-duplaga.pl\/#website\",\"url\":\"https:\/\/joanna-duplaga.pl\/\",\"name\":\"Joanna Duplaga copywriting\",\"description\":\"copywriting, content writing, social media\",\"publisher\":{\"@id\":\"https:\/\/joanna-duplaga.pl\/#\/schema\/person\/c336df5d0b89fc7e296ed2a9a3916e29\"},\"potentialAction\":[{\"@type\":\"SearchAction\",\"target\":{\"@type\":\"EntryPoint\",\"urlTemplate\":\"https:\/\/joanna-duplaga.pl\/?s={search_term_string}\"},\"query-input\":{\"@type\":\"PropertyValueSpecification\",\"valueRequired\":true,\"valueName\":\"search_term_string\"}}],\"inLanguage\":\"pl-PL\"},{\"@type\":[\"Person\",\"Organization\"],\"@id\":\"https:\/\/joanna-duplaga.pl\/#\/schema\/person\/c336df5d0b89fc7e296ed2a9a3916e29\",\"name\":\"joannaduplaga.seo\",\"image\":{\"@type\":\"ImageObject\",\"inLanguage\":\"pl-PL\",\"@id\":\"https:\/\/joanna-duplaga.pl\/#\/schema\/person\/image\/\",\"url\":\"https:\/\/joanna-duplaga.pl\/wp-content\/uploads\/2024\/05\/cropped-cropped-J-5.png\",\"contentUrl\":\"https:\/\/joanna-duplaga.pl\/wp-content\/uploads\/2024\/05\/cropped-cropped-J-5.png\",\"width\":511,\"height\":497,\"caption\":\"joannaduplaga.seo\"},\"logo\":{\"@id\":\"https:\/\/joanna-duplaga.pl\/#\/schema\/person\/image\/\"},\"sameAs\":[\"http:\/\/joanna-duplaga.pl\"]}]}<\/script>\n<!-- \/ Yoast SEO plugin. -->","yoast_head_json":{"title":"BRIEF - Joanna Duplaga","robots":{"index":"index","follow":"follow","max-snippet":"max-snippet:-1","max-image-preview":"max-image-preview:large","max-video-preview":"max-video-preview:-1"},"canonical":"https:\/\/joanna-duplaga.pl\/?page_id=1143","og_locale":"pl_PL","og_type":"article","og_title":"BRIEF - Joanna Duplaga","og_description":"Dzi\u0119kuj\u0119 za zainteresowanie moimi us\u0142ugami copywriterskimi! Aby lepiej zrozumie\u0107 Twoje potrzeby i stworzy\u0107 teksty idealnie dopasowane do Twoich oczekiwa\u0144, prosz\u0119 o uzupe\u0142nienie poni\u017cszego briefu. Odezw\u0119 si\u0119 tak szybko, jak to mo\u017cliwe!","og_url":"https:\/\/joanna-duplaga.pl\/?page_id=1143","og_site_name":"Joanna Duplaga","article_modified_time":"2024-09-12T00:05:24+00:00","twitter_card":"summary_large_image","schema":{"@context":"https:\/\/schema.org","@graph":[{"@type":"WebPage","@id":"https:\/\/joanna-duplaga.pl\/?page_id=1143","url":"https:\/\/joanna-duplaga.pl\/?page_id=1143","name":"BRIEF - Joanna Duplaga","isPartOf":{"@id":"https:\/\/joanna-duplaga.pl\/#website"},"datePublished":"2024-09-11T21:40:32+00:00","dateModified":"2024-09-12T00:05:24+00:00","breadcrumb":{"@id":"https:\/\/joanna-duplaga.pl\/?page_id=1143#breadcrumb"},"inLanguage":"pl-PL","potentialAction":[{"@type":"ReadAction","target":["https:\/\/joanna-duplaga.pl\/?page_id=1143"]}]},{"@type":"BreadcrumbList","@id":"https:\/\/joanna-duplaga.pl\/?page_id=1143#breadcrumb","itemListElement":[{"@type":"ListItem","position":1,"name":"Strona g\u0142\u00f3wna","item":"https:\/\/joanna-duplaga.pl\/"},{"@type":"ListItem","position":2,"name":"BRIEF"}]},{"@type":"WebSite","@id":"https:\/\/joanna-duplaga.pl\/#website","url":"https:\/\/joanna-duplaga.pl\/","name":"Joanna Duplaga copywriting","description":"copywriting, content writing, social media","publisher":{"@id":"https:\/\/joanna-duplaga.pl\/#\/schema\/person\/c336df5d0b89fc7e296ed2a9a3916e29"},"potentialAction":[{"@type":"SearchAction","target":{"@type":"EntryPoint","urlTemplate":"https:\/\/joanna-duplaga.pl\/?s={search_term_string}"},"query-input":{"@type":"PropertyValueSpecification","valueRequired":true,"valueName":"search_term_string"}}],"inLanguage":"pl-PL"},{"@type":["Person","Organization"],"@id":"https:\/\/joanna-duplaga.pl\/#\/schema\/person\/c336df5d0b89fc7e296ed2a9a3916e29","name":"joannaduplaga.seo","image":{"@type":"ImageObject","inLanguage":"pl-PL","@id":"https:\/\/joanna-duplaga.pl\/#\/schema\/person\/image\/","url":"https:\/\/joanna-duplaga.pl\/wp-content\/uploads\/2024\/05\/cropped-cropped-J-5.png","contentUrl":"https:\/\/joanna-duplaga.pl\/wp-content\/uploads\/2024\/05\/cropped-cropped-J-5.png","width":511,"height":497,"caption":"joannaduplaga.seo"},"logo":{"@id":"https:\/\/joanna-duplaga.pl\/#\/schema\/person\/image\/"},"sameAs":["http:\/\/joanna-duplaga.pl"]}]}},"_links":{"self":[{"href":"https:\/\/joanna-duplaga.pl\/index.php?rest_route=\/wp\/v2\/pages\/1143","targetHints":{"allow":["GET"]}}],"collection":[{"href":"https:\/\/joanna-duplaga.pl\/index.php?rest_route=\/wp\/v2\/pages"}],"about":[{"href":"https:\/\/joanna-duplaga.pl\/index.php?rest_route=\/wp\/v2\/types\/page"}],"author":[{"embeddable":true,"href":"https:\/\/joanna-duplaga.pl\/index.php?rest_route=\/wp\/v2\/users\/1"}],"replies":[{"embeddable":true,"href":"https:\/\/joanna-duplaga.pl\/index.php?rest_route=%2Fwp%2Fv2%2Fcomments&post=1143"}],"version-history":[{"count":4,"href":"https:\/\/joanna-duplaga.pl\/index.php?rest_route=\/wp\/v2\/pages\/1143\/revisions"}],"predecessor-version":[{"id":1151,"href":"https:\/\/joanna-duplaga.pl\/index.php?rest_route=\/wp\/v2\/pages\/1143\/revisions\/1151"}],"wp:attachment":[{"href":"https:\/\/joanna-duplaga.pl\/index.php?rest_route=%2Fwp%2Fv2%2Fmedia&parent=1143"}],"curies":[{"name":"wp","href":"https:\/\/api.w.org\/{rel}","templated":true}]}}